vided by 17.
13
What is the remainder when 12327996 is divided by 575?
571
Calculate the remainder when 162248 is divided by 79329.
3590
Calculate the remainder when 11793421 is divided by 20091.
4
Calculate the remainder when 118390106 is divided by 69.
44
Calculate the remainder when 6785880 is divided by 91.
10
What is the remainder when 61516139 is divided by 70?
69
What is the remainder when 1280847 is divided by 74?
55
Calculate the remainder when 910403 is divided by 113759.
331
What is the remainder when 132525 is divided by 43983?
576
Calculate the remainder when 2115023 is divided by 84600.
23
What is the remainder when 484328355 is divided by 1413?
1410
Calculate the remainder when 794096 is divided by 52939.
11
Calculate the remainder when 234908697 is divided by 24.
9
Calculate the remainder when 17830595 is divided by 17830583.
12
What is the remainder when 11532607 is divided by 367?
366
Calculate the remainder when 34472 is divided by 5405.
2042
Calculate the remainder when 192250 is divided by 128.
122
What is the remainder when 939365 is divided by 1170?
1025
What is the remainder when 34861 is divided by 4961?
134
What is the remainder when 22094212 is divided by 51?
43
Calculate the remainder when 1444266 is divided by 5777.
16
Calculate the remainder when 111772 is divided by 681.
88
What is the remainder when 126704 is divided by 3407?
645
What is the remainder when 57696332 is divided by 65?
57
What is the remainder when 1038137 is divided by 53?
26
What is the remainder when 256892794 is divided by 12?
10
Calculate the remainder when 370138646 is divided by 1187.
1184
What is the remainder when 26127000 is divided by 1244142?
18
What is the remainder when 49488 is divided by 625?
113
Calculate the remainder when 101547 is divided by 33371.
1434
Calculate the remainder when 2990053 is divided by 107.
45
What is the remainder when 125923 is divided by 41832?
427
What is the remainder when 1836169 is divided by 170?
169
What is the remainder when 3650957 is divided by 178?
177
Calculate the remainder when 34705459 is divided by 684.
667
Calculate the remainder when 12031503 is divided by 1492.
15
What is the remainder when 6818870 is divided by 6818863?
7
Calculate the remainder when 197981 is divided by 199.
175
Calculate the remainder when 4398064 is divided by 253.
165
What is the remainder when 518173119 is divided by 2627?
2623
What is the remainder when 8989243 is divided by 22?
21
What is the remainder when 18602397 is divided by 96385?
92
What is the remainder when 82524507 is divided by 2404?
2399
Calculate the remainder when 119975 is divided by 5976.
455
What is the remainder when 317666 is divided by 7059?
11
Calculate the remainder when 30947 is divided by 2190.
287
Calculate the remainder when 73741395 is divided by 2402.
2397
Calculate the remainder when 1096179 is divided by 545.
184
What is the remainder when 1111726 is divided by 52924?
322
What is the remainder when 4386272 is divided by 84?
44
What is the remainder when 197640963 is divided by 14?
9
What is the remainder when 413070 is divided by 103261?
26
What is the remainder when 1651371 is divided by 5598?
5559
Calculate the remainder when 8190038 is divided by 617.
597
What is the remainder when 1526951 is divided by 38159?
591
Calculate the remainder when 76703 is divided by 1043.
564
Calculate the remainder when 151390 is divided by 51.
22
What is the remainder when 175461347 is divided by 326?
323
What is the remainder when 3919023 is divided by 1306335?
18
What is the remainder when 194274 is divided by 160?
34
What is the remainder when 5132640 is divided by 193?
191
Calculate the remainder when 5375095 is divided by 895848.
7
What is the remainder when 111118 is divided by 411?
148
Calculate the remainder when 67561938 is divided by 524.
522
Calculate the remainder when 6870 is divided by 1664.
214
What is the remainder when 94938 is divided by 12953?
4267
Calculate the remainder when 4340428 is divided by 31.
25
Calculate the remainder when 23975 is divided by 5825.
675
What is the remainder when 4383609 is divided by 705?
624
What is the remainder when 200218 is divided by 18171?
337
Calculate the remainder when 750262 is divided by 3590.
3542
What is the remainder when 99200534 is divided by 3676?
3674
Calculate the remainder when 13573 is divided by 9930.
3643
What is the remainder when 137398229 is divided by 119?
115
Calculate the remainder when 26530339 is divided by 235.
14
What is the remainder when 865394 is divided by 86537?
24
What is the remainder when 1563501 is divided by 1868?
1853
What is the remainder when 31926516 is divided by 1680341?
37
Calculate the remainder when 94787 is divided by 147.
119
Calculate the remainder when 6596651 is divided by 2198872.
35
Calculate the remainder when 27840928 is divided by 9280308.
4
What is the remainder when 431327 is divided by 18?
11
What is the remainder when 32306954 is divided by 2307639?
8
What is the remainder when 1947336 is divided by 4266?
2040
Calculate the remainder when 64300567 is divided by 58033.
3
What is the remainder when 2219157 is divided by 369817?
255
Calculate the remainder when 318428 is divided by 318062.
366
Calculate the remainder when 38973021 is divided by 25.
21
Calculate the remainder when 418177 is divided by 245.
207
What is the remainder when 33754 is divided by 111?
10
Calculate the remainder when 10539634 is divided by 1268.
18
What is the remainder when 415402527 is divided by 1453?
1451
What is the remainder when 771226 is divided by 197?
168
Calculate the remainder when 11542016 is divided by 5771002.
12
Calculate the remainder when 309406 is divided by 382.
368
What is the remainder when 6737 is divided by 1975?
812
What is the remainder when 27474308 is divided by 165?
158
What is the remainder when 156805123 is divided by 160?
3
Calculate the remainder when 23518050 is divided by 47996.
10
What is the remainder when 473832 is divided by 4877?
763
Calculate the remainder when 297642 is divided by 179.
144
Calculate the remainder when 40559884 is divided by 40559880.
4
Calculate the remainder when 127766316 is divided by 985.
981
What is the remainder when 1416928 is divided by 471936?
1120
Calculate the remainder when 326552 is divided by 15550.
2
What is the remainder when 17863952 is divided by 2232993?
8
What is the remainder when 65421 is divided by 4991?
538
Calculate the remainder when 9867187 is divided by 1973437.
2
What is the remainder when 111103 is divided by 105394?
5709
Calculate the remainder when 11432509 is divided by 2286493.
44
Calculate the remainder when 1301170 is divided by 138.
106
What is the remainder when 142621 is divided by 17808?
157
What is the remainder when 7260539 is divided by 1075?
1064
Calculate the remainder when 311675764 is divided by 103891920.
4
What is the remainder when 6665935 is divided by 258?
247
Calculate the remainder when 61219865 is divided by 18.
11
Calculate the remainder when 5525294 is divided by 14.
12
What is the remainder when 134818 is divided by 28?
26
What is the remainder when 1302704 is divided by 325409?
1068
What is the remainder when 2603548 is divided by 3920?
668
Calculate the remainder when 298522012 is divided by 42.
40
Calculate the remainder when 11925054 is divided by 5962524.
6
What is the remainder when 9703 is divided by 1705?
1178
Calculate the remainder when 365443 is divided by 182610.
223
What is the remainder when 3071232 is divided by 2616?
48
What is the remainder when 405994 is divided by 13530?
94
What is the remainder when 1243423 is divided by 824?
7
Calculate the remainder when 195965 is divided by 191084.
4881
Calculate the remainder when 145373 is divided by 275.
173
What is the remainder when 36327812 is divided by 7265555?
37
What is the remainder when 600957033 is divided by 636?
633
Calculate the remainder when 187131 is divided by 45732.
4203
What is the remainder when 101198 is divided by 4407?
4244
Calculate the remainder when 34782876 is divided by 176.
172
Calculate the remainder when 353030 is divided by 2917.
73
Calculate the remainder when 491900 is divided by 2603.
2536
What is the remainder when 5224161 is divided by 648?
633
Calculate